tens digit of h(8)?
1
Let j = 0 + 1. What is the units digit of 8 + j + (0 - 1)?
8
Let g(j) be the second derivative of -5*j**3/3 + j**2/2 + j. Let s = 101 + -102. What is the tens digit of g(s)?
1
Let b be 2/(-6) + (-76)/(-3). Let a = b - 14. What is the tens digit of a?
1
Let r be (-1 + 2)/((-1)/(-1)). What is the units digit of r + 9 - (0 + 1)?
9
What is the units digit of 3/(-6) - (-1323)/14?
4
Let h be 5*6/20*2. Suppose 3*y - 8 = 5*t, -7 + 0 = -2*y + h*t. What is the tens digit of y?
1
Suppose 0 = -5*m + 29 - 9. Suppose 3*b = b + m. What is the units digit of (-1 + b)*(-10)/(-5)?
2
Let p(c) be the second derivative of c**5/20 + c**4/12 - c**3/6 + c. Let j be p(-2). What is the units digit of 0 - (-2)/(j + 3)?
2
What is the units digit of 0 - -1 - (2 - 220)/2?
0
Suppose -2*k + 2 = -4. Suppose -k*r = 2*r - 10. What is the units digit of (-3)/r*2*-1?
3
Suppose -6 + 0 = -i. Suppose -n = -i + 2. What is the units digit of ((-4)/n)/(1/(-5))?
5
Suppose 2*p - 47 = -11. Suppose -6*v + 7*v = p. What is the units digit of v?
8
Suppose 0 = 2*f - 10, f + 115 = 5*j - 0. What is the tens digit of j?
2
Let j(l) = -3*l - 2. Let y(k) = k - 1. Let c(z) = -j(z) + 3*y(z). Suppose 3*t = -2*i + 3*i - 16, -4*i + 2*t = -14. What is the units digit of c(i)?
5
Let l = 65 + 125. What is the tens digit of l?
9
Suppose 6*z - 3*z = -5*f + 37, 5*z - 5*f - 75 = 0. What is the tens digit of z?
1
What is the tens digit of 2/(-8) - 435/(-12)?
3
Let h(k) be the first derivative of k**2/2 + 4*k - 1. Suppose 9*t = 10*t. What is the units digit of h(t)?
4
What is the tens digit of 5/20*(-36)/(-3) + 74?
7
Let v = 128 + -66. What is the units digit of v?
2
Suppose 4*v = z - 39, 2*z - 165 = -3*z + 5*v. Suppose z + 9 = 5*b. What is the units digit of b?
8
Let m(j) = -j + 3. Let g be m(7). Let r = 19 + g. What is the units digit of r?
5
Let w = 45 + -80. What is the units digit of (-95)/w - 4/(-14)?
3
Let z(b) = -b**2 + 7*b + 1. Suppose -2*s = -3*s - 2*x - 4, -4*s - 21 = 3*x. Let m = 12 + s. What is the units digit of z(m)?
7
Let d(w) = w**2 - 7*w - 8. What is the units digit of d(11)?
6
Let k(d) = -d**2 - 7*d - 9. Let n be k(-6). Let y(l) = l**3 + 4*l**2 - l + 1. What is the units digit of y(n)?
3
Let n(b) = 8*b - 1. Let c(j) = -24*j + 9. Let m(x) = 24*x - 8. Let t(s) = -5*c(s) - 6*m(s). Let l(y) = 11*n(y) + 4*t(y). What is the units digit of l(-1)?
9
Let m be (-2)/9 + 94/18. Suppose -m*c = -2*s - 17, s - 12 = -5*c - 2*s. What is the units digit of c?
3
Suppose q + 2*l + 518 = 3*q, 4*l - 1004 = -4*q. What is the hundreds digit of q?
2
Let d(r) = -3*r**2 - 2*r + 13. Let m(q) = 5*q**2 + 3*q - 20. Let s(w) = 8*d(w) + 5*m(w). What is the tens digit of s(4)?
1
Let f = -5 + -1. What is the units digit of (-183)/f - 1/(-2)?
1
Let y(t) = 3*t - 9. Let u(n) = -3*n + 10. Let v(r) = -5*u(r) - 4*y(r). What is the units digit of v(10)?
6
Let b = 12 + -10. Let z be (75/(-10))/((-1)/b). Suppose -4*p - 2*t + 25 + 9 = 0, 0 = 5*p - 3*t - z. What is the units digit of p?
6
Suppose 0 = s - 3*k - 116, 4*k - 504 = -5*s - 0*s. What is the hundreds digit of s?
1
Suppose -4*d - 2*k + 47 = -83, 0 = 5*d - 5*k - 125. Suppose d = 2*r - 0*r. Suppose 0 = -q - 0*q + r. What is the tens digit of q?
1
Suppose 0 = -4*o + 3*o. Suppose 3*c + s - 21 = o, c - 2*s + 3*s = 9. Suppose 0 = 3*r - c*r + 5*b + 52, 5*r = 5*b + 70. What is the units digit of r?
9
Let h be ((-5)/(-10))/((-1)/(-2)). What is the units digit of (-2 - h)*(-112)/24?
4
Suppose 5*m = 3*p - p - 81, p + 4*m = 8. What is the tens digit of p?
2
Suppose r = -3*r. Let j = r - -2. Suppose j*y + y = 27. What is the units digit of y?
9
Let z = 5 + -5. Suppose -3*q + 2 + 16 = z. What is the units digit of q?
6
Let m = -15 - -5. Let o = 6 + m. What is the units digit of 18/o*(-4)/3?
6
Let w(p) = -p**3 + 15*p**2 - 13*p + 3. What is the tens digit of w(14)?
1
Suppose -2*p - 7*v = -4*v + 2, -4*v = -3*p + 14. Suppose p*w = 3*w - 3. What is the units digit of w?
3
Let h be (2/(-8))/(1/4). What is the units digit of (h/1 + -1)*-11?
2
Let l(s) = s**3 + 4*s**2 + s + 4. Let m be l(-3). What is the units digit of (-3)/(-2) - (-5)/m?
2
Let f = 28 + 1. What is the tens digit of f?
2
Suppose 10 = 5*c - 5. Let g = c - -6. What is the units digit of g?
9
Suppose -5*m + 1020 = 7*l - 2*l, 3*m + 2*l - 615 = 0. What is the hundreds digit of m?
2
Let p = 11 + 6. Let f = -1 + p. What is the units digit of f?
6
Suppose -j - 74 = -6*z + 4*z, 5*z + 3*j - 163 = 0. Let t(l) = l**3 - 6*l**2 + 3. Let m be t(6). Suppose -m*d + 8*d = z. What is the units digit of d?
7
Let u be 0 - (2 - 4)/2. Let z = -7 - u. What is the units digit of (-11)/(-2) - (-4)/z?
5
Let f = 97 + -67. Suppose 4*o - 67 + 0 = -5*d, -f = -3*o + 3*d. What is the tens digit of o?
1
Let q(b) = 3*b + 9. Let o be q(5). Let s = -3 + o. What is the tens digit of s?
2
Let p(i) = -i**2 + 12*i - 12. Let a be p(11). Let c be (-3)/(-1 - (0 - 2)). Let h = a - c. What is the units digit of h?
2
What is the units digit of (2*12/7)/(9/315)?
0
Let b be 2/(-10) - (-412)/10. Suppose 4*f + 4*r = 116, -3*f + 66 = -5*r - 13. Let u = b - f. What is the units digit of u?
3
Suppose 0 = -0*k + k - 15. What is the units digit of k?
5
Let b(z) be the second derivative of z**4/12 - 7*z**3/6 + 3*z**2/2 - 7*z. What is the units digit of b(7)?
3
Let y(o) = -3*o - 3. Let q be y(-2). Suppose w + 15 = 2*z - 47, -q*w + z = 196. What is the units digit of (-1)/4 - w/8?
8
Suppose q = 23 - 10. What is the tens digit of q?
1
Let x(o) = o**3 + o**2 + 1. Let k be x(0). Suppose 0*w = -7*w - 70. What is the units digit of 1*(w + k)*-1?
9
Let p = -11 - -21. Let t be (-32)/(-20) + (-6)/p. Suppose -5*j = -9 - t. What is the units digit of j?
2
Let p(d) = -3*d - 2*d - d**3 + 7 - 3*d**2 - 3*d**2. Suppose -10 = n - g, -4*g - g + 40 = -3*n. What is the units digit of p(n)?
7
Let s(j) = j**2 - 7*j - 12. Let z(h) = h + 3. Let f be z(7). Suppose 0 = -5*m - f, m = 3*y - 0*m - 29. What is the units digit of s(y)?
6
Suppose -652 = -3*w - w. What is the units digit of w?
3
Let q be (-93)/(-33) + 4/22. Suppose -n = q*n - 16. Suppose -1 = -v + n. What is the units digit of v?
5
Let k(x) = 20*x**2 + 18*x - 26. Let q(v) = -7*v**2 - 6*v + 9. Let s be 23/4 + 4/16. Let j(f) = s*k(f) + 17*q(f). What is the units digit of j(-8)?
3
Suppose l = 48 - 16. Let g be 1*(-4)/(8/42). Let i = g + l. What is the units digit of i?
1
Suppose -3*d - 2*d = -3*z + 76, 0 = 3*z - d - 68. What is the units digit of z?
2
Let t be (-1 - 21)/((-14)/(-7)). Let g = t + 14. What is the units digit of g?
3
Let v be (-2)/5 + (-111)/(-15). Let i = 22 - v. What is the tens digit of i?
1
Let y = 270 - 120. What is the hundreds digit of y?
1
What is the tens digit of 8/(-10) - (-2241)/45?
4
Suppose 3*s - 413 = 520. What is the tens digit of s?
1
Suppose 0 = -2*s - s + 57. Suppose 4*c + 11 = u + 87, c - 3*u = s. What is the units digit of c?
9
Let w(o) = o**2 + 2*o + 4 - 3*o - 3*o. Let n be (2/3)/(4/30). What is the units digit of w(n)?
9
Suppose 4*k = -0*k + 672. What is the units digit of k?
8
What is the tens digit of (-1246)/(-42) - 1/(-3)?
3
Suppose -3*k + 3*l - 4*l = -19, -5*l - 13 = -3*k. What is the units digit of 1 + (5*k)/2?
6
Let b(q) = q + 10 + 4 - 3. Suppose 3*z - 3*p = p, -5*p = -3*z. What is the tens digit of b(z)?
1
Let z(i) = i - 3. Let l be z(8). Suppose 126 = 3*w - 3*y, -l*y + 2*y = -4*w + 170. Suppose -5*v + 15 = 2*h, -5*h = 5*v - w + 14. What is the units digit of h?
5
Suppose -166 = -5*d - 66. Suppose -5*r - 5*p = -50, -r + d = r - 4*p. What is the units digit of r?
0
Suppose 5*h + 40 = -5*l, 0 = 2*h + l + 16 - 0. What is the tens digit of h/((-20)/8 + 2)?
1
Let v(u) = u**2 + 3. Let h be v(-3). Suppose 4*n = 4*i - 32, 0*i - i - n + h = 0. What is the units digit of i?
0
Let l(p) = p**2 - 3*p + 1. What is the units digit of l(3)?
1
Let s(y) = y**3 - 12*y**2 + 8*y + 9. What is the hundreds digit of s(12)?
1
Let s = -35 - -60. What is the units digit of s?
5
Let z = 16 + -36. Let i be (6/(-4))/(15/z). What is the units digit of (-3 + i)*(0 + -1)?
1
What is the units digit of (-36)/(-45)*255/2?
2
Suppose -4*p + 7 = 5*i, i + 0*i - 7 = 2*p. What is the units digit of i?
3
Let f = -4 - -5. Suppose z + 5*y = -15, -z = 4*y + 12 + f. What is the units digit of 8/(-5)*(z + 0)?
8
Let m(z) = -6*z + 20. What 